0. Suppose -7*m = -p*m + i. Is m composite?
False
Suppose 0*u + u - r = 9, -r = -5*u + 33. Let s be 176/(-10)*10/12*-9. Suppose 2*b + s = u*b. Is b a composite number?
True
Let i = 137 - 238. Let u = -97 - i. Suppose 2*w = u*w - 16706. Is w a prime number?
True
Let i(d) = d**3 + 5*d**2 - 2*d + 8541. Let n be i(0). Let g = 15974 - n. Is g a prime number?
True
Let c = 7262 - 6843. Is c a composite number?
False
Suppose -r - 273603 = -v, -361176 + 908372 = 2*v + 3*r. Is v a composite number?
False
Let v(j) = -j**3 - 18*j**2 - 16*j + 15. Let k be v(-17). Let l be (-24)/k*(-24)/(-48). Suppose -12*h = -l*h - 1866. Is h a prime number?
True
Suppose 54*t - 102582 = -109*t + 292856. Is t prime?
False
Let b(y) = 880*y - 231. Let n = -108 + 127. Is b(n) a composite number?
True
Let z(t) = 13*t - 22. Let o be 21 + -6*1 + 4. Suppose o = 2*d + 5*g, 3*d + g + 5 - 27 = 0. Is z(d) a composite number?
True
Suppose -2*j + 16111 = -5*n + 83479, n - 2*j - 13480 = 0. Suppose 5*a + 18*t = 14*t + 1, -4*a = t - 3. Is a/(n/(-4492) + 3) a composite number?
False
Suppose -22*o - 58*o = 16*o - 8704032. Is o a prime number?
False
Suppose 24 + 1 = 5*t. Let i(y) = 23*y**3 + y**2 + 7*y - 14. Let u be i(t). Let p = u + -1338. Is p prime?
True
Let r(o) = -23*o**3 - 4*o**2 + 6*o + 24. Let u be r(-2). Is ((-1973)/2)/((-18)/u) prime?
False
Let t(n) = -n**3 + 9*n**2 + 13*n + 6. Let z be t(13). Let r = z + -1446. Let o = 3632 + r. Is o prime?
False
Is (1/(-3))/(20/15)*-955244 composite?
True
Let z be 1/(-1)*(-10 + -4 + -3). Suppose -16434 = z*d - 46643. Is d a prime number?
True
Let a = -19354 - -53873. Is a a prime number?
True
Let i be (-26)/(-22) - (-6)/(-33). Let n(b) = 124*b + 49*b + 2 - 12*b. Is n(i) prime?
True
Is (0 - (-140652)/(-90))/(-2*3/555) a composite number?
True
Suppose 0*g + 4*c + 133 = -g, -355 = 3*g + c. Suppose -1014 = 3*d + 1968. Let t = g - d. Is t composite?
False
Suppose 13*u - 12*u + 42 = 0. Let y = -51 - u. Let v(j) = -6*j**3 - 2*j**2 + 7*j - 4. Is v(y) a prime number?
False
Let p = 5601 + 178000. Is p composite?
True
Suppose v = -0*v - r + 123905, -3*v + 371691 = -r. Is v a composite number?
True
Let q = -26638 + 37763. Let x = q - 4130. Is x prime?
False
Let q = 346663 - 211634. Is q composite?
False
Is (-6)/((396/(-324561))/22) composite?
False
Let z be (-78)/(-5) + 4/10. Let g(t) = -11*t**2 + 36*t**2 - 16*t - z*t + 0*t + t**3 - 25. Is g(-24) a prime number?
True
Let u(g) = -g**2 + 10*g + 4. Suppose -4*q = 5*w - 70, -3*w + 8*q + 5 = 3*q. Let o be u(w). Suppose 4222 = o*k - 1894. Is k prime?
False
Suppose 0 = -5*o + t + 1191109, 59*o + t - 1191121 = 54*o. Is o composite?
False
Let y(a) = 14*a + 17. Let d be y(-5). Let o = 357 - d. Let p = -147 + o. Is p prime?
True
Suppose -2*o - 27966 - 69135 = -p, -2*o + 2 = 0. Is p a composite number?
False
Let x be (-238*1)/(4/(-18)). Suppose -o - 3*t = 6, -227*o - 2 = -223*o + t. Suppose 2*j - x + 113 = o. Is j composite?
False
Let m be 3/((-381996)/(-76398) - (3 - -2)). Suppose -25*x + m = 3874. Is x composite?
False
Let u be (0 + 1)*-2 + -6966. Let c = u + 10509. Let j = c - -252. Is j prime?
True
Suppose 0 = -4*g - 2*z + 5*z + 2050, z + 1540 = 3*g. Let d(s) = s**3 + 2*s**2 + 2*s - 22. Let r be d(-7). Let x = r + g. Is x a composite number?
False
Let h(v) = -17*v**3 - 10*v**2 - 49*v - 11. Is h(-12) prime?
True
Let w(d) = 23471*d**2 - 59*d - 263. Is w(-4) prime?
True
Let q(u) = -2*u**2 - 4*u. Let i be q(-2). Let d(c) = -c**2 - 7*c + 2122. Is d(i) prime?
False
Let c(o) = -o + 6. Let d be c(7). Let x be 215/(-2 + -3) - d. Let f = 301 + x. Is f prime?
False
Suppose 0 = -d + 4*d + 27. Let j be ((12/d)/4 - 0)*6. Let a(i) = -160*i - 13. Is a(j) a composite number?
False
Suppose r + 1193 = 3*d - 63408, 0 = 5*r + 10. Is d composite?
True
Let b = -94731 + 132697. Suppose 3*n - 2*c - b = -n, 9494 = n - c. Let o = n - 4798. Is o a prime number?
True
Suppose m + 46544 = -3*m - 2*v, 5*m = 2*v - 58162. Is ((m/18)/7)/(1/(-33)) prime?
False
Let a be (-3)/6*(2 - 6). Suppose -4*u = -2*f - 129876, -u + a*f - 32459 = -2*u. Is u prime?
True
Suppose -4*t - 3*m = -25983, -8082 = -t - 4*m - 1570. Suppose -28*j + 16*j + t = 0. Is j a composite number?
False
Let z(v) = 1433*v**2 - 20*v - 8 + 2 - 5 - 1368*v**2. Is z(-16) prime?
False
Let p be ((-9)/6)/(((-1)/(-2158))/(-1)). Let z = p + -1288. Is z composite?
False
Let i(x) = -258*x - 105 + 136 - 284*x. Is i(-3) prime?
True
Suppose 0 = -x + 7*x. Suppose 2*d - 5*d + 1665 = x. Suppose 5*o - d = 100. Is o a composite number?
False
Let j(b) = 10761*b**2 + 5*b - 3. Is j(-1) composite?
False
Let p(i) = -i**3 - 13*i**2 - 11*i + 9. Suppose -3*s - 10*s = 156. Let w be p(s). Is (3765/(-45))/(1/w) composite?
False
Is (-169053)/(-3) - ((-84)/(-3) - 28) a prime number?
False
Let y(v) = -116470*v**3 + v**2. Let s be y(-1). Is (-1)/(-9)*s - 2/9 composite?
False
Let a = 52 - 30. Let j(o) = o**2 + 11*o + 22. Let f be j(a). Suppose f - 4683 = -5*g. Is g composite?
False
Suppose 3*r + 3*j - 2087490 = 0, -5*r - 312*j + 317*j = -3479240. Is r prime?
True
Suppose -2*q + 2*u = 6*u - 16178, -u = 2*q - 16196. Is q prime?
True
Suppose -19794 = -2*r - u, -14*u = -5*r - 18*u + 49485. Is (5 + (-84)/18)*r composite?
False
Let u(y) = -y**2 - 92 + 175 - 84 + 5*y + 423*y**3. Is u(2) a composite number?
False
Suppose -4*q = -4, -h = -q + 2*q - 7. Let i(w) = -w**3 + 5*w**2 + 6*w + 3. Let u be i(h). Suppose 2*z + u*d = 461, -231 = 3*z + 5*d - 925. Is z composite?
False
Let l be 65/30 - 9 - (-1)/(-6). Let q(f) = -353*f - 12. Is q(l) a composite number?
False
Let i(b) = 1465*b**2 - 147*b - 647. Is i(37) a prime number?
True
Let b = 254 + -248. Let p be (-2)/(2/4 - 1). Suppose b*a = a - n + 4856, -4*n = -p*a + 3880. Is a prime?
True
Suppose 4*f = 4*l + 1201836, -11*l - 600934 = -2*f - 13*l. Is f composite?
False
Let u = -32392 - -108785. Is u composite?
True
Let y(l) = -l**3 - 8*l**2 + 5*l - 20. Let p be y(-10). Let x = 875 - p. Is x a prime number?
False
Suppose g - 3*o - 18326 = 0, -2*g + o + 30071 + 6536 = 0. Is g composite?
True
Suppose 186255 = 5*t - 4*m, -6*t + 37225 = -5*t - 6*m. Is t a prime number?
False
Is 89836/(88/(-22) + 8) a composite number?
True
Let k(b) = 14*b**2 + 37*b - 131. Let p(n) = 4*n**2 + 9*n - 33. Let v(h) = -2*k(h) + 9*p(h). Is v(6) a composite number?
True
Suppose 29*q = 168954 + 453937. Is q a prime number?
False
Suppose 2*n - 3*t - 100310 = 202666, -302988 = -2*n - 3*t. Is n a prime number?
False
Let z = -110337 + 214564. Is z prime?
False
Suppose -3845 = -2*g + 4993. Let r = g - -4046. Is r composite?
True
Let a = 0 + 5. Suppose -3*l = -5*d - 162, -2*d = 3*l + 3*d - 162. Suppose -2*q = -5*k - 3*q + 342, -a*q = k - l. Is k a composite number?
True
Let a = -20 - -69. Let j = -37 + a. Is (-8)/j*-1833*(-4)/(-8) composite?
True
Let h(n) = 376404*n - 1093. Is h(1) prime?
True
Suppose -2*y + 34 = -2*p - 2*p, -3*y = -4*p - 31. Let c be -5*(-3 - 26/p). Suppose -5*z + z = -c*t + 1506, 0 = -3*t - 3*z + 2214. Is t prime?
True
Let x be 32/(-14) + (-4)/(-14). Let o be (-14796)/48 + x/(-8). Let m = o + 449. Is m prime?
False
Let z = -9478 - -4532. Let r be -6506*((-1)/(-2) - 0). Let g = r - z. Is g composite?
False
Suppose -3*x - 3*i = -1307460, 4*x = 5*i + 526796 + 1216457. Is x prime?
True
Let s = 103 + -94. Is (-6)/(-9)*s/3 - -2951 prime?
True
Suppose 51*j = 56*j - 1675. Suppose h - 775 = j. Suppose 2*q = -4*q + h. Is q composite?
True
Suppose 0 = 3*y + 4*b + 50481, 74756 + 9411 = -5*y + 4*b. Let d = -8696 - y. Is d prime?
False
Suppose -22*u + 42*u = 890580. Let r = u + -27718. Is r a composite number?
False
Suppose -3*m = 8*u - 1707208, 1067005 = -22*u + 27*u + 2*m. Is u prime?
False
Let t = -279604 + 408027. Suppose -t - 147037 = -12*m. Is m composite?
True
Let x = 86 - 80. Suppose -12 = -9*b + x. Suppose -7*k = -b*k - 1095. Is k a prime number?
False
Let k(m) = -61*m - 50 + 7*m**2 - 63*m + 117*m. Is k(-12) composite?
True
Suppose 21*u - u = u + 2376197. Is u a prime number?
True
Suppose -5*q + 40 = 3*t, -5*t + 3*q + 10 = -0*t. Suppose w - 3*b + t*b + 8 = 0, 4*w - 12 = 3*b. Suppose w = -5*a - 392 + 3097. Is a composite?
False
Let p = 3462 - 1499. Suppose -1385 - p = -6*o. Suppose 3*v - w + 0*w - 1714 = 0, v - 3*w = o. Is v a composite number?
True
Suppose -3*v + 15 = -0. Let u be (-182556)/(-54) - (-6)/18